*2 + 4*c. Suppose 2*m - m = 4*r + 10, r - 3 = 3*m. Calculate s(r).
6
Let o(y) = -y**3 - 10*y**2 + 10*y - 11. Let f be o(-11). Let d(k) = -k**3 + k**2 + k + 5. Let p be d(f). Let t(r) = -r**2 + 7*r - 7. Give t(p).
3
Let u be (-19)/(-76) - 1/6. Let b(h) be the second derivative of 3/2*h**2 + 2*h + 0 + u*h**4 + 1/3*h**3. Determine b(-3).
6
Let n(d) = -2*d + 0*d - 3 - 1 - d + d**2. What is n(-3)?
14
Let l = 5 - 7. Let f be (1/l)/((-6)/(-72)). Let w(x) = x + 7. What is w(f)?
1
Let t be (-4)/7*(-7)/2. Let f be 1 - t - (-6)/1. Let p = 8 - f. Let k(l) = 2*l + 2. Give k(p).
8
Let c(h) be the first derivative of -1/4*h**4 - 1/3*h**3 + 0*h + 5 + 0*h**2. Let s(j) = -j**2 + 2*j + 2. Let b be s(3). Calculate c(b).
0
Let d(t) be the third derivative of -t**5/60 + 5*t**4/12 - 13*t**3/6 + 24*t**2 - 2*t. What is d(9)?
-4
Let b(f) = -f + 11. Let z(k) = -k**3 - k**2 + 6*k + 5. Let l be z(0). Calculate b(l).
6
Let c(b) be the first derivative of -b**3/3 + 17*b - 8. Determine c(0).
17
Suppose 22 = -0*l - 2*l. Let b(n) = n**2 - 2*n - 11. Let j(t) = 6*t**2 - 11*t - 55. Let w(s) = l*b(s) + 2*j(s). Give w(0).
11
Suppose -3*p - 9 = 12. Let i(q) = q**3 + 8*q**2 + 9*q + 9. Determine i(p).
-5
Suppose 0 = -0*d + 6*d. Let t(u) = u**3 - u**2 + 2. Give t(d).
2
Let c(k) = 4*k + 3*k**3 + 11*k**2 - 20*k**2 + 5*k**2 - 3. Calculate c(2).
13
Let l = -5 + 10. Let t(o) = o + 1. Give t(l).
6
Suppose z = 2*y - z, -y - 4*z = -25. Let i(w) = -7*w**2 + 3*w - 10. Let b(v) = 3*v**2 - 2*v + 5. Let m(g) = y*b(g) + 2*i(g). What is m(5)?
10
Let z be -3 + (-2 - -6) + 0. Let c(p) = 2*p**3 + p**2 + p - 1. Calculate c(z).
3
Suppose 4*f + 0*i = -4*i + 4, 2*f = 3*i + 22. Let c = 7 - f. Suppose -c*j + 0*j - 5*k = -21, 3*j + k = -1. Let b(x) = -3*x**2 - 4*x - 3. Determine b(j).
-7
Let j(z) = z**3 + 6*z**2 + 4*z + 6. Let a(c) be the third derivative of -c**4/12 + c**3/6 - 3*c**2. Let m be a(3). Give j(m).
11
Let r(q) = -2*q - 4*q - 3*q. Let m be 2 + (3 - (-2 - -8)). Give r(m).
9
Let g(h) be the third derivative of h**5/60 - h**4/24 - h**2. Suppose -3*t + 4*t - 4 = 0. Suppose -f + 23 = t*j - 9*j, -14 = -2*f + 2*j. Calculate g(f).
6
Let q = 1 - -2. Let k(j) = 4 - q*j + 2*j - 2 + 2. Calculate k(5).
-1
Let b(a) = -5 + 5 - a**2 - 3. Suppose -2*q - 5 = -5. Give b(q).
-3
Let g(n) = 4*n + 7. Let z(l) = l**3 - 15*l**2 + 15*l - 19. Let x be z(14). Give g(x).
-13
Let h(v) = 6 + 7*v - 21*v**2 - 18*v**2 + 40*v**2. What is h(-4)?
-6
Let t be 5 - (-2 + 1 - -1). Let l(v) = -t*v + v**2 + 1 - v - 2. Let o = 6 + -1. Calculate l(o).
-6
Let b(t) = 4 + 11*t - 2 - 1. Suppose 4 = 6*u - 2*u. Determine b(u).
12
Suppose 2*x = -x + 3. Let w(d) = 0 + 2 - x - 16*d. What is w(-1)?
17
Let c(u) = -u**3 + 4*u**2 + 3*u - 1. Let l = -120 + 124. What is c(l)?
11
Let m(j) be the first derivative of 2*j**3/3 + j**2 + 2*j - 1. Let u(p) = -2*p**2 + 5*p - 4. Let l be u(2). Calculate m(l).
6
Let y(i) be the second derivative of 0 + 1/3*i**4 - 1/2*i**3 + 1/2*i**2 - 1/20*i**5 + 5*i. What is y(3)?
1
Let k(z) be the second derivative of -7/6*z**3 - 5/2*z**2 - 1/12*z**4 + 4*z + 0. What is k(-5)?
5
Let n = 3 - -2. Let t(g) = g + 2. Calculate t(n).
7
Let i(h) = 2 - 3*h**3 + 0*h**3 + 7*h**2 + 2*h**3 - 5*h - 10. Determine i(6).
-2
Let n = -14 - -20. Let b(d) = 7*d - 10. Let p(m) = -5*m - 6*m + 9 + 3*m + 2*m. Let o(a) = -5*b(a) - 6*p(a). What is o(n)?
2
Suppose -4 = -4*t + 16. Let k(l) = -l**2 + 6*l + 7. Determine k(t).
12
Let b(p) be the third derivative of -p**6/360 + p**5/24 - p**4/12 + p**3/3 + 4*p**2. Let x(r) be the first derivative of b(r). Let z = 8 - 5. Give x(z).
4
Let v(d) be the second derivative of -2*d + 1/2*d**2 + 1/6*d**3 + 0. Calculate v(-1).
0
Let b = -58 - -63. Let v(n) = -3*n. Calculate v(b).
-15
Let l(a) = -15*a + 2. Let y(i) = -7*i + 1. Let q(k) = -6*l(k) + 13*y(k). Let r be (-18)/30 - (-66)/10. Calculate q(r).
-5
Suppose -4*y = -5*l - 25, 0 = y + 3*l - 2*l - 4. Let p(t) = 4*t - y - 2*t + 0*t + 2*t. Let c = -6 + 10. What is p(c)?
11
Let t(b) be the second derivative of b**5/20 + b**4/4 - b**3/6 + b**2/2 + 3*b. Calculate t(-2).
7
Let m(o) = -o**2 + 2*o - 3. Let u(s) = -s**3 + 3*s + 2. Let z be u(-2). Suppose 0*b = 2*b - z. What is m(b)?
-3
Let m(j) = -j**2 + 2*j**3 - 2*j - 3*j**3 + 0*j**2 + 4*j. Determine m(-2).
0
Suppose 0 = 4*h - h + 3*w - 3, 2*w = 0. Suppose 0 = y - 3 - h. Let j(x) = x**2 - 4*x + 6. Calculate j(y).
6
Let v(g) = g**3 - g**2 + g. Suppose -3*q - 5*r - 2 + 1 = 0, 8 = 4*q + 2*r. Suppose 3 = -q*l, -3*p - 2*l = 2*p + 2. Let m = 1 + p. Give v(m).
1
Let v(m) be the second derivative of m**7/2520 + m**6/360 - m**5/120 + 5*m**4/12 - 5*m. Let a(d) be the third derivative of v(d). What is a(-5)?
14
Let x = -2 + -2. Suppose -2 = 4*f - 10. Let v(j) = -j - j**3 - 4 + f*j - 3*j**2 + 2*j. Determine v(x).
0
Let z(h) be the third derivative of h**5/60 + 5*h**4/24 - h**3/6 - 2*h**2. Let r(w) = w**2 - 5*w. Let g be r(4). Calculate z(g).
-5
Let g be 5*3*1/3. Suppose 4*m + 14 = -4*a - 22, 0 = -5*a + g*m + 5. Let y(r) be the second derivative of r**3/6 - r. Give y(a).
-4
Let j = 15543/20 + -777. Let h(u) be the second derivative of -1/12*u**4 + u + 1/3*u**3 + 0 - j*u**5 - 1/2*u**2. What is h(1)?
-3
Let a = -2 + 4. Suppose -a*t + 5 = -3. Let d(w) = w**3 - 4*w**2 - w + 2. Determine d(t).
-2
Let v = -3 + -7. Let f = 14 + v. Let o(u) = u**3 + 3 - 1 - 4*u**2 + 0*u**3. Calculate o(f).
2
Let i(m) = -18*m**3 + 0*m + 1 + 17*m**3 - 7 + 4*m**2 + 2*m. Determine i(4).
2
Let b(z) = -14*z**3 - 2*z**2 + 20*z**3 + 1 - 2*z**3. Suppose 5 - 10 = 4*t + f, -3*t + f = 2. What is b(t)?
-5
Let j(s) = s**2 - 2. Let r = 12 + -4. Let f = -8 + r. Determine j(f).
-2
Let c be (-2)/7 + 88/14. Let m(j) = 4 + 3 + c*j - 3*j**2 + 4*j**2. Let h be (2 + 3)*(-1)/1. Calculate m(h).
2
Let q(n) = 3*n**2 - n - 2. Let z(l) = -7*l**2 + 2*l + 4. Suppose 17 = -4*h + 1. Let c(a) = h*z(a) - 9*q(a). Determine c(2).
8
Let g(y) = y - 6. Let m = -5 + 4. Let z = -1 - m. Determine g(z).
-6
Let o(q) be the second derivative of -q**4/12 - 4*q**3/3 + q**2 + q. Suppose -2*x - 12 - 4 = 0. Let h be o(x). Let u(m) = m**2 - 3*m + 3. What is u(h)?
1
Let b(p) = 4*p**3 + 2*p**2 - 1. Suppose 2*q + 46 = 5*d - 2*q, 5*d - 54 = -4*q. Let r be (-3)/(-5) - (-4)/d. Determine b(r).
5
Let y(k) = 3*k + 0 - 1 - 6. Determine y(6).
11
Let u(f) = -f**3 - 2*f**2 - 2. Suppose -6 = -5*q + 9. Suppose -2*k + q*h + 8 = -2, 0 = 2*k + 3*h - 10. Let i = k - 7. Give u(i).
-2
Let q = 8 + -11. Let l(h) = h**3 + 4*h**2 + 5*h + 4. Give l(q).
-2
Suppose -3*d + 2*d + 2*j = 5, 2*d + 4 = -2*j. Let t(q) be the second derivative of q**4/12 - q**2/2 - 2*q. Determine t(d).
8
Suppose -3*l + i - 4 = -0, 4*i - 9 = 5*l. Let f(n) = -9*n**3 + n**2 - n - 1. What is f(l)?
10
Let d(p) = -p**2. Let i(y) = 2*y**2 + 7*y + 1. Let z(l) = d(l) + i(l). Let r = 6 + -3. Suppose g - 17 = 3*w, -2*w - 3*w + r*g - 31 = 0. What is z(w)?
-9
Let w(y) = 4*y**2 + y + 1. Suppose -5*h - 1 - 4 = 0. What is w(h)?
4
Let o(b) = 3*b - 2*b**2 - b - b + 2 - b**3. Let k = -2 + 0. What is o(k)?
0
Let u(m) = m + 5. Suppose 0*s = 3*s + 2*y + 2, 4*s = y + 1. What is u(s)?
5
Let o(f) = 5*f - 7. Let p be o(7). Suppose -5*t - 2 = p. Let u(v) = 6 + 5 - 4 - 3 + v. Calculate u(t).
-2
Let l(p) = 2*p**2 + 5*p + 3. Let q(a) = a**3 + 8*a**2 + 6*a - 6. Let x be q(-7). Let y = -2 - x. Determine l(y).
6
Let z(c) = -c**3 - 4*c**2 + 6*c + 3. Suppose -2*n + 30 = 10. Suppose -n = 2*m - 0*m. Let j be z(m). Let r(v) = -3*v. Give r(j).
6
Suppose 2*d = 3 - 1. Let z(b) = -b**2 + b - 1. Let j(v) = 5*v**2 + 2*v - 2. Let n(x) = d*j(x) - 3*z(x). Calculate n(1).
8
Let w be -2 - 2*-1 - 0. Let g(p) = p + 2. Let l be g(0). Let c = w - l. Let m(k) = -k**2 + 2*k + 2. Calculate m(c).
-6
Let k be (1*2)/2*2. Let w(t) = -t + 0 - 6*t - 4 + 2*t. Let v(c) = -c + 1. Let b(p) = k*v(p) - w(p). What is b(-4)?
-6
Let s(q) = q**3 - 2*q - 1. Suppose 0 = 3*r - 18 + 12. Give s(r).
3
Let t(b) = b**2 - 7*b + 2. Let c be t(6). Let n(m) = -21 + 66 - 19 + 6*m - 21 + m**2. Determine n(c).
-3
Let i(b) = 6*b**2 + 6*b - 4. Let n(u) = u**2 + u - 1. Let h(r) = i(r) - 5*n(r). Let o(j) = -2*j**2 - 2*j - 5. Let z(q) = 4*h(q) + o(q). What is z(1)?
3
Let g(v) be the third derivative of v**5/60 + v**4/6 + v**3/6 + v**2. Let t = -343 + 341. Calculate g(t).
-3
Suppose -4*d + d = -12. Suppose 0 = d*y - 5*y + 7. Let u(m) = m - 5. Calculate u(y)